actor of s(15)?
False
Let y(m) be the third derivative of -m**4/4 - 11*m**3/2 + 24*m**2. Is 19 a factor of y(-13)?
False
Let s = 1969 - 1735. Is 11 a factor of s?
False
Let d(o) = -o**2 + 16*o + 10. Let q be 704/48 - (-2)/6. Is d(q) a multiple of 5?
True
Suppose -5*i = 3*u - 2326, -3*i - 4*u + 0*u = -1389. Suppose 4*r - i = -0*o - 5*o, -5*r + 588 = 2*o. Is r a multiple of 29?
False
Let h(a) = 351*a**3 - 18*a**2 + 34*a. Is h(2) a multiple of 10?
False
Suppose 190 = 2*f - 3*s, 0*s = 3*f + s - 296. Suppose 374 = 4*d + f. Is d a multiple of 24?
False
Suppose 3*v + 12 = 0, 4*d + 0*d - v = 72. Suppose 14*s = d*s - 396. Is 14 a factor of s?
False
Let k(z) = -z**2 - 8*z - 7. Let c be k(-6). Suppose 3*g - 22 = c*t + 40, 5*g = -4*t + 128. Is 12 a factor of g?
True
Let q(w) = -4*w**3 + 7*w**2 + 22*w + 61. Is q(-7) a multiple of 13?
False
Let a = 933 - 227. Suppose -p + 2*y + 232 = 0, 3*p + 5*y - 6*y - a = 0. Does 11 divide p?
False
Let a = 18 + -29. Let t = -9 - a. Suppose 5*b - t*b = 288. Is 32 a factor of b?
True
Let k(x) = x**2 + 3*x + 2. Let g be k(-3). Suppose -2*l - 125 = -g*c - 3*l, -2 = 2*l. Does 31 divide c?
False
Suppose 113 + 2 = g - 4*l, 0 = 5*g + 4*l - 551. Suppose g*h - 810 = 105*h. Is 7 a factor of h?
False
Suppose 0 = -2*i - 6, 2*b - 252 = 3*i + 1153. Does 12 divide b?
False
Let z = 65 - 95. Let i = z - -43. Is 13 a factor of i?
True
Let c(u) = 5*u - u**2 + 2*u + 7 - 2. Let k = 59 + -53. Is 11 a factor of c(k)?
True
Let o be (-2 - -7)/(0 - -1). Suppose o*m - 10 = 0, 0 = n - 4*m - 1 + 12. Let h = n + 14. Does 6 divide h?
False
Does 9 divide 5/((-90)/(-27)) - (-7497)/6?
True
Let w(g) = -2*g**3 - 5*g**2 - 6*g. Suppose 10*x - 9*x + 4 = 0. Let q be w(x). Suppose 5*y - 54 - 92 = -4*r, -2*y + q = 2*r. Is 17 a factor of r?
True
Let m be (-2)/7 - (-207)/63. Let o = m - -63. Is 6 a factor of o?
True
Let o(x) = -x + 11. Let r be o(9). Let y(l) = 7*l + 5*l - 4*l. Does 5 divide y(r)?
False
Let x(t) = 171*t**3 - t**2 - t + 1. Let c be x(1). Suppose -c = -5*i - 820. Let h = -72 - i. Is h a multiple of 11?
False
Is 27 a factor of -5 + 2 + 0 - -30?
True
Let m(z) = z**2 + 6*z + 8. Let b be (-2)/(-3 + 2)*-1. Let o be ((-6)/b)/((-1)/2). Is m(o) even?
True
Let x = -186 + 263. Is x a multiple of 4?
False
Let j = 8 - 6. Suppose -j = 3*i - 11. Suppose i*o = 26 + 46. Does 12 divide o?
True
Let a be ((-24)/42)/((-1)/7). Suppose -3*l + a*l = 0. Is 27 a factor of (35 + 0)/(1 - l)?
False
Suppose -43*p + 6 = -40*p. Suppose -p*k = -6 - 70. Does 7 divide k?
False
Let w(b) = -b**3 - 4*b**2 - 4*b - 1. Let p be w(-3). Let g be 0 + -1 - p - -1. Is 18 a factor of ((-36)/30)/(g/60)?
True
Let v(w) = -23*w - 14*w + 13 - 16*w + 0. Let z be v(6). Let q = z - -437. Is 22 a factor of q?
True
Suppose -x - 4*y - 65 = 0, 8*y + 115 = -2*x + 3*y. Let u = x - -14. Let r = -9 - u. Is r a multiple of 11?
True
Suppose s - 3*h = 2, 2*s = -5*h + 2*h + 4. Let o be 9*s*(-3)/(-18). Suppose q - 20 = -2*x, x - 72 = -o*q + 3. Does 7 divide q?
False
Let z(p) = p**2 + 10*p + 11. Let m be z(-9). Suppose a - 3 = -0*a - 3*t, 0 = -5*a - m*t + 80. Suppose -2*v + a = -38. Is 11 a factor of v?
False
Let c(f) be the first derivative of 49*f**2/2 - 13*f + 17. Does 36 divide c(4)?
False
Let o = -3 + 6. Suppose 0 = 3*l - 2*l + o*n - 109, 4*n + 198 = 2*l. Suppose -l = -3*g + b, 2*g + 5*b - 79 = -16. Is 11 a factor of g?
False
Let t = 4195 + -1580. Does 16 divide t?
False
Suppose 0 = 4*j + 5*y - 12, -2*y = 4*j - 0*y. Does 23 divide (-137)/j + (-2)/(-4)?
True
Suppose -2*t + 4 = -0*t. Suppose 4*i = -t*i + 318. Let v = 134 - i. Is v a multiple of 22?
False
Let k = -1629 + 1634. Let w(x) = x. Let m(g) = -24*g - 1. Let b(a) = -m(a) - 5*w(a). Does 13 divide b(k)?
False
Suppose 0 = 4*u + 11 + 9. Is 14 a factor of 1/(10/(-6)) - 633/u?
True
Let s(i) = 16*i**3 - i**2 - 3*i - 2. Let n be s(-1). Let w be 28/5 + n/(-40). Suppose 13*d = w*d + 224. Does 8 divide d?
True
Let a = -54 + 72. Let g = 21 - a. Is g a multiple of 3?
True
Let q = 765 + -518. Is 11 a factor of q?
False
Let g(f) = 20*f**2 + 7*f + 39. Is g(-11) a multiple of 158?
False
Does 9 divide 0 + (-4 - -7) + (1 - -140)?
True
Suppose 0 = -15*b + 16*b - 529. Is b a multiple of 44?
False
Let j = 15 - -58. Suppose 5*w = -4*m + 260, 2*m - j = -w - 3*m. Is 6 a factor of w?
True
Suppose 16*b - 11565 - 22707 = 0. Does 80 divide b?
False
Let x = 2555 + -949. Suppose -4*i - 414 = -x. Does 43 divide i?
False
Suppose -134 = -3*k + 31. Suppose -2*w = 3*w - 10. Let b = k + w. Is b a multiple of 19?
True
Suppose 41 = 13*j - 323. Is j a multiple of 7?
True
Suppose -33*d = -3459 - 16143. Is 18 a factor of d?
True
Suppose 16*i - 178663 = -37*i. Is 79 a factor of i?
False
Let v(j) = 144*j + 462. Is v(7) a multiple of 14?
True
Let w(a) be the third derivative of a**4/6 - 5*a**3/2 + a**2. Let d be w(13). Does 12 divide d/2 - 1/(-2)?
False
Suppose v + 2 = -2*o + 33, -o + 65 = 2*v. Suppose 3*a - 51 = -v. Is 6 a factor of a?
True
Let o(b) be the third derivative of -b**5/60 - 2*b**4/3 + 11*b**3/6 - 15*b**2. Is 7 a factor of o(-14)?
False
Suppose 3*u = 202 - 67. Suppose u*l - 40*l = 45. Does 3 divide l?
True
Suppose 11*l - 6*l - 905 = 0. Suppose -5*h - 4*t = -1, 2 = 5*t + 7. Suppose 3*f + h - l = 0. Does 20 divide f?
True
Let m be (-1 - -4)/(1/3). Let c(w) be the second derivative of -w**4/12 + 13*w**3/6 - 11*w**2 - w - 4. Is c(m) a multiple of 6?
False
Suppose w + 5*s - 87 = 0, -w = -4*w + 5*s + 161. Suppose 5*z + r = 155, -3*z + z = 2*r - w. Is z a multiple of 11?
False
Suppose 29*i - 7569 = -1914. Is 24 a factor of i?
False
Suppose -4*j - 624 = -12*j. Is 27 a factor of j?
False
Is 1270/35 + (-4)/14 a multiple of 8?
False
Let p = 1582 + -1127. Does 35 divide p?
True
Suppose 0*k + 3*k - 852 = 0. Suppose -x + k = 2*x + 4*q, 4*x - 358 = 5*q. Is 31 a factor of x?
False
Is -192*-4*(-18)/(-48) a multiple of 24?
True
Suppose -140 = -32*p + 36*p. Let n = -28 - p. Does 5 divide n?
False
Suppose 5*g - 51 - 11 = -3*o, -3*g = -5*o + 58. Suppose 2*b + 0*b = -o. Let h = 18 + b. Is 3 a factor of h?
False
Suppose 0 = -349*p + 352*p - 936. Is p a multiple of 52?
True
Let n(u) = 2*u**2 + 50*u - 27. Suppose 5 - 39 = b + 2*p, 4*p + 42 = -b. Is 22 a factor of n(b)?
False
Suppose h + 4 = 0, l + 5*h - 85 = 28. Is 17 a factor of l?
False
Suppose 9*g = 4*g + 4*o + 18, 27 = 2*g + 5*o. Suppose -g*t = -5*t - 104. Does 13 divide t?
True
Suppose 3*q - 2520 = -11*q. Is q a multiple of 3?
True
Let s be (2 - (-18)/(-8))/(1/(-12)). Suppose -s*l - 4*l + 378 = 0. Is 9 a factor of l?
True
Suppose 2*q - 9 - 97 = 0. Let p = q + 7. Is 15 a factor of p?
True
Let l be 21/(-9) - 2/3. Let f be (-3 - l) + 4 - 1. Let j = 36 + f. Is 14 a factor of j?
False
Let f = 125 - 98. Is f a multiple of 12?
False
Let r(y) = -y**3 + 20*y**2 + 22*y - 25. Does 18 divide r(8)?
False
Let f = -681 - -1172. Does 20 divide f?
False
Let y = -14 - -56. Suppose -5*t = -2*t - 5*a - 25, 0 = 4*t + 2*a - y. Is 5 a factor of t?
True
Suppose -17 = 2*o + 3*j, -4*o - 28 = 2*j - 6. Let z(k) = 7*k**2 + 4*k - 2. Let g be z(o). Is 15 a factor of 2/(g/30 - 3)?
True
Let a = -336 - -1225. Is a a multiple of 67?
False
Suppose 6*x - x = -5*r + 385, r - 4*x = 92. Is 5 a factor of r?
True
Suppose 7 + 2 = 3*v. Suppose 0*g + v*g - 93 = 0. Is 14 a factor of g?
False
Suppose 4 = -z, -3*g + 1475 + 749 = 5*z. Does 17 divide g?
True
Suppose -14*m + 19*m - 15 = 0. Suppose 4*j + 2*q = 638, 3*q + 171 = m*j - 312. Does 16 divide j?
True
Suppose -6*o + 605 = -85. Does 16 divide o?
False
Let k = -78 - -143. Suppose q - 194 = -3*m + 5*q, -m + q = -k. Suppose -3*x + 5 + m = c, 3*c - 213 = 4*x. Does 18 divide c?
False
Suppose -816*q = -821*q + 8120. Is 14 a factor of q?
True
Let y(n) = n**3 - 24*n**2 + 25*n + 44. Let c = -128 - -151. Is y(c) a multiple of 5?
True
Suppose 4*v - 3*v = 5. Let h = -1 + v. Suppose 45 = z - 2*x, h*z - x - 174 = 34. Does 11 divide z?
False
Suppose 5 = -2*y + 15. Suppose -5*p - 2*x = -84, y*p - 32 - 49 = -3*x. Let o = 38 - p. Is 6 a factor of o?
False
Let p(k) = 2*k**2 + 7*k + 3. Let h be p(-3). Suppose h = -2*d - 2, 2*x = -5*d + 3*d + 20. Is x a multiple of 4?
False
Suppose 49 = 6*r + 7. Let z(b) = -b**3 + 7*b**2 + 4*b + 6. Does 22 divide z(r)?
False
Suppose 11*p - 13*p - 4 = 0. Let t(y) = -y**3 - 2*y**2 - 4*y - 1. Let i be t(3). Is 29 a factor of i*p/8*6?
Tr